{"id":27,"date":"2023-04-03T14:35:13","date_gmt":"2023-04-03T12:35:13","guid":{"rendered":"https:\/\/retrofit.de\/wordpress\/?page_id=27"},"modified":"2025-06-13T11:16:41","modified_gmt":"2025-06-13T09:16:41","slug":"cnc-flachschleifen-lohnfertigung","status":"publish","type":"page","link":"https:\/\/retrofit.de\/index.php\/de\/cnc-flachschleifen-lohnfertigung\/","title":{"rendered":"CNC Flachschleifen"},"content":{"rendered":"<div id='av_section_1'  class='avia-section av-23877-f71a0a4766a4ac4b9db224e084eced38 main_color avia-section-default avia-no-border-styling  avia-builder-el-0  avia-builder-el-no-sibling  avia-bg-style-scroll container_wrap fullsize'  ><div class='container av-section-cont-open' ><main  role=\"main\" itemprop=\"mainContentOfPage\"  class='template-page content  av-content-full alpha units'><div class='post-entry post-entry-type-page post-entry-27'><div class='entry-content-wrapper clearfix'>\n<div  class='flex_column av-58g3-2868db99c7f208175102b11c7a9185ec av_one_full  avia-builder-el-1  el_before_av_one_third  avia-builder-el-first  first flex_column_div  '     ><style type=\"text\/css\" data-created_by=\"avia_inline_auto\" id=\"style-css-av-lg3nkauo-e1fe3bf10f20556dbe426d400b25ae84\">\n#top .av-special-heading.av-lg3nkauo-e1fe3bf10f20556dbe426d400b25ae84{\npadding-bottom:10px;\n}\nbody .av-special-heading.av-lg3nkauo-e1fe3bf10f20556dbe426d400b25ae84 .av-special-heading-tag .heading-char{\nfont-size:25px;\n}\n.av-special-heading.av-lg3nkauo-e1fe3bf10f20556dbe426d400b25ae84 .av-subheading{\nfont-size:15px;\n}\n<\/style>\n<div  class='av-special-heading av-lg3nkauo-e1fe3bf10f20556dbe426d400b25ae84 av-special-heading-h1 blockquote modern-quote  avia-builder-el-2  avia-builder-el-no-sibling '><h1 class='av-special-heading-tag '  itemprop=\"headline\"  >CNC Flachschleifen in Lohnfertigung<\/h1><div class=\"special-heading-border\"><div class=\"special-heading-inner-border\"><\/div><\/div><\/div><\/div><div  class='flex_column av-2a9d3-5ae93fc57881fbc1d3c4a1de29cd8677 av_one_third  avia-builder-el-3  el_after_av_one_full  el_before_av_two_third  first flex_column_div  column-top-margin'     ><div  class='avia-slideshow av-li1f97xk-1a40c9669661d45f5a6dd060e7bcf301 avia-slideshow-extra_large av_slideshow avia-slide-slider  avia-builder-el-4  avia-builder-el-no-sibling  av-slideshow-ui av-control-minimal av-control-minimal-dark av-nav-arrows-visible av-no-slider-navigation av-slideshow-autoplay av-loop-endless av-loop-manual-endless av-default-height-applied avia-slideshow-1' data-slideshow-options=\"{&quot;animation&quot;:&quot;slide&quot;,&quot;autoplay&quot;:true,&quot;loop_autoplay&quot;:&quot;endless&quot;,&quot;interval&quot;:5,&quot;loop_manual&quot;:&quot;manual-endless&quot;,&quot;autoplay_stopper&quot;:false,&quot;noNavigation&quot;:false,&quot;bg_slider&quot;:false,&quot;transitionSpeed&quot;:400,&quot;keep_padding&quot;:false,&quot;hoverpause&quot;:false,&quot;show_slide_delay&quot;:0}\"  itemprop=\"image\" itemscope=\"itemscope\" itemtype=\"https:\/\/schema.org\/ImageObject\" ><ul class='avia-slideshow-inner ' style='padding-bottom: 75%;'><li  class='avia-slideshow-slide av-li1f97xk-1a40c9669661d45f5a6dd060e7bcf301__0  slide-1 slide-odd'><div data-rel='slideshow-1' class='avia-slide-wrap '   ><img decoding=\"async\" fetchpriority=\"high\" class=\"wp-image-1444 avia-img-lazy-loading-not-1444\"  src=\"https:\/\/retrofit.de\/wp-content\/uploads\/2023\/05\/Flachschleifen-Stuttgart_2.webp\" width=\"400\" height=\"300\" title='Flachschleifen Stuttgart &amp; Rems-Murr-Kreis' alt='Flachschleifen Stuttgart &amp; Rems-Murr-Kreis'  itemprop=\"thumbnailUrl\" srcset=\"https:\/\/retrofit.de\/wp-content\/uploads\/2023\/05\/Flachschleifen-Stuttgart_2.webp 400w, https:\/\/retrofit.de\/wp-content\/uploads\/2023\/05\/Flachschleifen-Stuttgart_2-300x225.webp 300w\" sizes=\"(max-width: 400px) 100vw, 400px\" \/><\/div><\/li><li  class='avia-slideshow-slide av-li1f97xk-1a40c9669661d45f5a6dd060e7bcf301__1  slide-2 slide-even'><div data-rel='slideshow-1' class='avia-slide-wrap '   ><img decoding=\"async\" fetchpriority=\"high\" class=\"wp-image-1443 avia-img-lazy-loading-not-1443\"  src=\"https:\/\/retrofit.de\/wp-content\/uploads\/2023\/05\/Flachschleifen-Stuttgart_1.webp\" width=\"400\" height=\"300\" title='Flachschleifen Stuttgart &amp; Rems-Murr-Kreis' alt='Flachschleifen Stuttgart &amp; Rems-Murr-Kreis'  itemprop=\"thumbnailUrl\" srcset=\"https:\/\/retrofit.de\/wp-content\/uploads\/2023\/05\/Flachschleifen-Stuttgart_1.webp 400w, https:\/\/retrofit.de\/wp-content\/uploads\/2023\/05\/Flachschleifen-Stuttgart_1-300x225.webp 300w\" sizes=\"(max-width: 400px) 100vw, 400px\" \/><\/div><\/li><\/ul><div class='avia-slideshow-arrows avia-slideshow-controls' ><a href='#prev' class='prev-slide ' aria-hidden='true' data-av_icon='\ue87c' data-av_iconfont='entypo-fontello'  tabindex='-1'>Zur\u00fcck<\/a><a href='#next' class='next-slide ' aria-hidden='true' data-av_icon='\ue87d' data-av_iconfont='entypo-fontello'  tabindex='-1'>Weiter<\/a><\/div><\/div><\/div><div  class='flex_column av-15mxv-81345800af23ac22ad7bfdefc2807c26 av_two_third  avia-builder-el-5  el_after_av_one_third  avia-builder-el-last  flex_column_div  column-top-margin'     ><section  class='av_textblock_section av-lg3nkwtr-49e67ab689f043a622cecffed284990e '   itemscope=\"itemscope\" itemtype=\"https:\/\/schema.org\/CreativeWork\" ><div class='avia_textblock av_inherit_color'  itemprop=\"text\" ><p>Die Flachschleiferei bei HDC Huttelmaier bietet CNC Flachschleifen in Lohnfertigung im Raum Stuttgart und Rems-Murr-Kreis.<\/p>\n<p>Wir verf\u00fcgen \u00fcber zahlreiche Flachschleifmaschinen f\u00fcr unsere Retrofitprojekte und bieten das Lohnschleifen auch als Dienstleistung an.<\/p>\n<ul>\n<li>F\u00fchrungsbahnschleifen lassen<\/li>\n<li>Maschinenbett schleifen lassen<\/li>\n<li>Werkst\u00fccke aus Metall schleifen lassen<\/li>\n<\/ul>\n<p>Auf unserer gro\u00dfen Waldrich-F\u00fchrungsbahnschleifmaschinen k\u00f6nnen wir bis zu 3.000 mm lange Maschinenbetten und andere Werkst\u00fccke schleifen.<\/p>\n<\/div><\/section><\/div>\n","protected":false},"excerpt":{"rendered":"","protected":false},"author":1,"featured_media":0,"parent":0,"menu_order":5,"comment_status":"closed","ping_status":"closed","template":"","meta":{"footnotes":""},"class_list":["post-27","page","type-page","status-publish","hentry"],"yoast_head":"<!-- This site is optimized with the Yoast SEO plugin v27.3 - https:\/\/yoast.com\/product\/yoast-seo-wordpress\/ -->\n<title>CNC Flachschleifen Lohnfertigung \u2013 Flachschleiferei<\/title>\n<meta name=\"description\" content=\"CNC Flachschleifen Lohnfertigung \u2713 Stuttgart \u2606 Rems-Murr-Kreis \u2606 F\u00fchrungsbahnschleifen \u2606 Maschinenbett schleifen \u27a8 Flachschleiferei HDC!\" \/>\n<meta name=\"robots\" content=\"index, follow, max-snippet:-1, max-image-preview:large, max-video-preview:-1\" \/>\n<link rel=\"canonical\" href=\"https:\/\/retrofit.de\/index.php\/de\/cnc-flachschleifen-lohnfertigung\/\" \/>\n<meta property=\"og:locale\" content=\"de_DE\" \/>\n<meta property=\"og:type\" content=\"article\" \/>\n<meta property=\"og:title\" content=\"CNC Flachschleifen Lohnfertigung \u2013 Flachschleiferei\" \/>\n<meta property=\"og:description\" content=\"CNC Flachschleifen Lohnfertigung \u2713 Stuttgart \u2606 Rems-Murr-Kreis \u2606 F\u00fchrungsbahnschleifen \u2606 Maschinenbett schleifen \u27a8 Flachschleiferei HDC!\" \/>\n<meta property=\"og:url\" content=\"https:\/\/retrofit.de\/index.php\/de\/cnc-flachschleifen-lohnfertigung\/\" \/>\n<meta property=\"og:site_name\" content=\"HDC Huttelmaier Retrofit\" \/>\n<meta property=\"article:modified_time\" content=\"2025-06-13T09:16:41+00:00\" \/>\n<meta name=\"twitter:card\" content=\"summary_large_image\" \/>\n<script type=\"application\/ld+json\" class=\"yoast-schema-graph\">{\"@context\":\"https:\\\/\\\/schema.org\",\"@graph\":[{\"@type\":\"WebPage\",\"@id\":\"https:\\\/\\\/retrofit.de\\\/index.php\\\/de\\\/cnc-flachschleifen-lohnfertigung\\\/\",\"url\":\"https:\\\/\\\/retrofit.de\\\/index.php\\\/de\\\/cnc-flachschleifen-lohnfertigung\\\/\",\"name\":\"CNC Flachschleifen Lohnfertigung \u2013 Flachschleiferei\",\"isPartOf\":{\"@id\":\"https:\\\/\\\/retrofit.de\\\/#website\"},\"datePublished\":\"2023-04-03T12:35:13+00:00\",\"dateModified\":\"2025-06-13T09:16:41+00:00\",\"description\":\"CNC Flachschleifen Lohnfertigung \u2713 Stuttgart \u2606 Rems-Murr-Kreis \u2606 F\u00fchrungsbahnschleifen \u2606 Maschinenbett schleifen \u27a8 Flachschleiferei HDC!\",\"breadcrumb\":{\"@id\":\"https:\\\/\\\/retrofit.de\\\/index.php\\\/de\\\/cnc-flachschleifen-lohnfertigung\\\/#breadcrumb\"},\"inLanguage\":\"de\",\"potentialAction\":[{\"@type\":\"ReadAction\",\"target\":[\"https:\\\/\\\/retrofit.de\\\/index.php\\\/de\\\/cnc-flachschleifen-lohnfertigung\\\/\"]}]},{\"@type\":\"BreadcrumbList\",\"@id\":\"https:\\\/\\\/retrofit.de\\\/index.php\\\/de\\\/cnc-flachschleifen-lohnfertigung\\\/#breadcrumb\",\"itemListElement\":[{\"@type\":\"ListItem\",\"position\":1,\"name\":\"Startseite\",\"item\":\"https:\\\/\\\/retrofit.de\\\/index.php\\\/de\\\/startseite\\\/\"},{\"@type\":\"ListItem\",\"position\":2,\"name\":\"CNC Flachschleifen\"}]},{\"@type\":\"WebSite\",\"@id\":\"https:\\\/\\\/retrofit.de\\\/#website\",\"url\":\"https:\\\/\\\/retrofit.de\\\/\",\"name\":\"HDC Huttelmaier Retrofit\",\"description\":\"Maschinen \u00dcberholung f\u00fcr High End Pr\u00e4zision\",\"publisher\":{\"@id\":\"https:\\\/\\\/retrofit.de\\\/#organization\"},\"potentialAction\":[{\"@type\":\"SearchAction\",\"target\":{\"@type\":\"EntryPoint\",\"urlTemplate\":\"https:\\\/\\\/retrofit.de\\\/?s={search_term_string}\"},\"query-input\":{\"@type\":\"PropertyValueSpecification\",\"valueRequired\":true,\"valueName\":\"search_term_string\"}}],\"inLanguage\":\"de\"},{\"@type\":\"Organization\",\"@id\":\"https:\\\/\\\/retrofit.de\\\/#organization\",\"name\":\"HDC Huttelmaier GmbH\",\"alternateName\":\"HDC\",\"url\":\"https:\\\/\\\/retrofit.de\\\/\",\"logo\":{\"@type\":\"ImageObject\",\"inLanguage\":\"de\",\"@id\":\"https:\\\/\\\/retrofit.de\\\/#\\\/schema\\\/logo\\\/image\\\/\",\"url\":\"https:\\\/\\\/retrofit.de\\\/wp-content\\\/uploads\\\/2023\\\/04\\\/Logo.jpg\",\"contentUrl\":\"https:\\\/\\\/retrofit.de\\\/wp-content\\\/uploads\\\/2023\\\/04\\\/Logo.jpg\",\"width\":2083,\"height\":2083,\"caption\":\"HDC Huttelmaier GmbH\"},\"image\":{\"@id\":\"https:\\\/\\\/retrofit.de\\\/#\\\/schema\\\/logo\\\/image\\\/\"}}]}<\/script>\n<!-- \/ Yoast SEO plugin. -->","yoast_head_json":{"title":"CNC Flachschleifen Lohnfertigung \u2013 Flachschleiferei","description":"CNC Flachschleifen Lohnfertigung \u2713 Stuttgart \u2606 Rems-Murr-Kreis \u2606 F\u00fchrungsbahnschleifen \u2606 Maschinenbett schleifen \u27a8 Flachschleiferei HDC!","robots":{"index":"index","follow":"follow","max-snippet":"max-snippet:-1","max-image-preview":"max-image-preview:large","max-video-preview":"max-video-preview:-1"},"canonical":"https:\/\/retrofit.de\/index.php\/de\/cnc-flachschleifen-lohnfertigung\/","og_locale":"de_DE","og_type":"article","og_title":"CNC Flachschleifen Lohnfertigung \u2013 Flachschleiferei","og_description":"CNC Flachschleifen Lohnfertigung \u2713 Stuttgart \u2606 Rems-Murr-Kreis \u2606 F\u00fchrungsbahnschleifen \u2606 Maschinenbett schleifen \u27a8 Flachschleiferei HDC!","og_url":"https:\/\/retrofit.de\/index.php\/de\/cnc-flachschleifen-lohnfertigung\/","og_site_name":"HDC Huttelmaier Retrofit","article_modified_time":"2025-06-13T09:16:41+00:00","twitter_card":"summary_large_image","schema":{"@context":"https:\/\/schema.org","@graph":[{"@type":"WebPage","@id":"https:\/\/retrofit.de\/index.php\/de\/cnc-flachschleifen-lohnfertigung\/","url":"https:\/\/retrofit.de\/index.php\/de\/cnc-flachschleifen-lohnfertigung\/","name":"CNC Flachschleifen Lohnfertigung \u2013 Flachschleiferei","isPartOf":{"@id":"https:\/\/retrofit.de\/#website"},"datePublished":"2023-04-03T12:35:13+00:00","dateModified":"2025-06-13T09:16:41+00:00","description":"CNC Flachschleifen Lohnfertigung \u2713 Stuttgart \u2606 Rems-Murr-Kreis \u2606 F\u00fchrungsbahnschleifen \u2606 Maschinenbett schleifen \u27a8 Flachschleiferei HDC!","breadcrumb":{"@id":"https:\/\/retrofit.de\/index.php\/de\/cnc-flachschleifen-lohnfertigung\/#breadcrumb"},"inLanguage":"de","potentialAction":[{"@type":"ReadAction","target":["https:\/\/retrofit.de\/index.php\/de\/cnc-flachschleifen-lohnfertigung\/"]}]},{"@type":"BreadcrumbList","@id":"https:\/\/retrofit.de\/index.php\/de\/cnc-flachschleifen-lohnfertigung\/#breadcrumb","itemListElement":[{"@type":"ListItem","position":1,"name":"Startseite","item":"https:\/\/retrofit.de\/index.php\/de\/startseite\/"},{"@type":"ListItem","position":2,"name":"CNC Flachschleifen"}]},{"@type":"WebSite","@id":"https:\/\/retrofit.de\/#website","url":"https:\/\/retrofit.de\/","name":"HDC Huttelmaier Retrofit","description":"Maschinen \u00dcberholung f\u00fcr High End Pr\u00e4zision","publisher":{"@id":"https:\/\/retrofit.de\/#organization"},"potentialAction":[{"@type":"SearchAction","target":{"@type":"EntryPoint","urlTemplate":"https:\/\/retrofit.de\/?s={search_term_string}"},"query-input":{"@type":"PropertyValueSpecification","valueRequired":true,"valueName":"search_term_string"}}],"inLanguage":"de"},{"@type":"Organization","@id":"https:\/\/retrofit.de\/#organization","name":"HDC Huttelmaier GmbH","alternateName":"HDC","url":"https:\/\/retrofit.de\/","logo":{"@type":"ImageObject","inLanguage":"de","@id":"https:\/\/retrofit.de\/#\/schema\/logo\/image\/","url":"https:\/\/retrofit.de\/wp-content\/uploads\/2023\/04\/Logo.jpg","contentUrl":"https:\/\/retrofit.de\/wp-content\/uploads\/2023\/04\/Logo.jpg","width":2083,"height":2083,"caption":"HDC Huttelmaier GmbH"},"image":{"@id":"https:\/\/retrofit.de\/#\/schema\/logo\/image\/"}}]}},"_links":{"self":[{"href":"https:\/\/retrofit.de\/index.php\/wp-json\/wp\/v2\/pages\/27","targetHints":{"allow":["GET"]}}],"collection":[{"href":"https:\/\/retrofit.de\/index.php\/wp-json\/wp\/v2\/pages"}],"about":[{"href":"https:\/\/retrofit.de\/index.php\/wp-json\/wp\/v2\/types\/page"}],"author":[{"embeddable":true,"href":"https:\/\/retrofit.de\/index.php\/wp-json\/wp\/v2\/users\/1"}],"replies":[{"embeddable":true,"href":"https:\/\/retrofit.de\/index.php\/wp-json\/wp\/v2\/comments?post=27"}],"version-history":[{"count":12,"href":"https:\/\/retrofit.de\/index.php\/wp-json\/wp\/v2\/pages\/27\/revisions"}],"predecessor-version":[{"id":4616,"href":"https:\/\/retrofit.de\/index.php\/wp-json\/wp\/v2\/pages\/27\/revisions\/4616"}],"wp:attachment":[{"href":"https:\/\/retrofit.de\/index.php\/wp-json\/wp\/v2\/media?parent=27"}],"curies":[{"name":"wp","href":"https:\/\/api.w.org\/{rel}","templated":true}]}}