{"id":25,"date":"2023-04-03T14:33:49","date_gmt":"2023-04-03T12:33:49","guid":{"rendered":"https:\/\/retrofit.de\/wordpress\/?page_id=25"},"modified":"2025-12-10T09:04:04","modified_gmt":"2025-12-10T08:04:04","slug":"werkzeugmaschinenbau","status":"publish","type":"page","link":"https:\/\/retrofit.de\/index.php\/de\/werkzeugmaschinenbau\/","title":{"rendered":"Maschinenbau"},"content":{"rendered":"<div id='av_section_1'  class='avia-section av-2bec1-41c26b33197f8f1f2e1f7bee18fb1ee5 main_color avia-section-default avia-no-border-styling  avia-builder-el-0  el_before_av_section  avia-builder-el-first  avia-bg-style-scroll container_wrap fullsize'  ><div class='container av-section-cont-open' ><main  role=\"main\" itemprop=\"mainContentOfPage\"  class='template-page content  av-content-full alpha units'><div class='post-entry post-entry-type-page post-entry-25'><div class='entry-content-wrapper clearfix'>\n<div  class='flex_column av-1lm3d-fa1a174795aba2a7aec46753f478cd05 av_one_full  avia-builder-el-1  el_before_av_image  avia-builder-el-first  first flex_column_div  '     ><p>\n<style type=\"text\/css\" data-created_by=\"avia_inline_auto\" id=\"style-css-av-li2wjwkt-f02e170b13869f80e74cde5548a40d44\">\n#top .hr.hr-invisible.av-li2wjwkt-f02e170b13869f80e74cde5548a40d44{\nheight:15px;\n}\n<\/style>\n<div  class='hr av-li2wjwkt-f02e170b13869f80e74cde5548a40d44 hr-invisible  avia-builder-el-2  el_before_av_heading  avia-builder-el-first '><span class='hr-inner '><span class=\"hr-inner-style\"><\/span><\/span><\/div><br \/>\n\n<style type=\"text\/css\" data-created_by=\"avia_inline_auto\" id=\"style-css-av-lg3nfwbt-3832cccac5536a91a5d142fb334031bf\">\n#top .av-special-heading.av-lg3nfwbt-3832cccac5536a91a5d142fb334031bf{\npadding-bottom:10px;\n}\nbody .av-special-heading.av-lg3nfwbt-3832cccac5536a91a5d142fb334031bf .av-special-heading-tag .heading-char{\nfont-size:25px;\n}\n.av-special-heading.av-lg3nfwbt-3832cccac5536a91a5d142fb334031bf .av-subheading{\nfont-size:15px;\n}\n<\/style>\n<div  class='av-special-heading av-lg3nfwbt-3832cccac5536a91a5d142fb334031bf av-special-heading-h1 blockquote modern-quote  avia-builder-el-3  el_after_av_hr  el_before_av_hr '><h1 class='av-special-heading-tag '  itemprop=\"headline\"  >Werkzeugmaschinenbau<\/h1><div class=\"special-heading-border\"><div class=\"special-heading-inner-border\"><\/div><\/div><\/div><br \/>\n\n<style type=\"text\/css\" data-created_by=\"avia_inline_auto\" id=\"style-css-av-li2wk9uc-e8438538f97c0a03b56556d4480769cd\">\n#top .hr.hr-invisible.av-li2wk9uc-e8438538f97c0a03b56556d4480769cd{\nheight:55px;\n}\n<\/style>\n<div  class='hr av-li2wk9uc-e8438538f97c0a03b56556d4480769cd hr-invisible  avia-builder-el-4  el_after_av_heading  avia-builder-el-last '><span class='hr-inner '><span class=\"hr-inner-style\"><\/span><\/span><\/div><\/p><\/div>\n<style type=\"text\/css\" data-created_by=\"avia_inline_auto\" id=\"style-css-av-li2wj5b1-3d8cfa8c2fa095cb079cc1cad6575810\">\n.avia-image-container.av-li2wj5b1-3d8cfa8c2fa095cb079cc1cad6575810 img.avia_image{\nbox-shadow:none;\n}\n.avia-image-container.av-li2wj5b1-3d8cfa8c2fa095cb079cc1cad6575810 .av-image-caption-overlay-center{\ncolor:#ffffff;\n}\n.avia-image-container.av-li2wj5b1-3d8cfa8c2fa095cb079cc1cad6575810 .avia-curtain-reveal-overlay{\nanimation-duration:1.5s;\nbackground:#d9000e;\nz-index:100;\n}\n<\/style>\n<div  class='avia-image-container av-li2wj5b1-3d8cfa8c2fa095cb079cc1cad6575810 av-styling- avia-align-left  avia-builder-el-5  el_after_av_one_full  el_before_av_hr '   itemprop=\"image\" itemscope=\"itemscope\" itemtype=\"https:\/\/schema.org\/ImageObject\" ><div class=\"avia-image-container-inner\"><div class=\"avia-image-overlay-wrap\"><div class='avia-curtain-reveal-overlay av-animated-when-visible-95 animate-all-devices curtain-reveal-btt'><\/div><img decoding=\"async\" fetchpriority=\"high\" class='wp-image-1464 avia-img-lazy-loading-not-1464 avia_image ' src=\"https:\/\/retrofit.de\/wp-content\/uploads\/2023\/05\/Werkzeugmaschinenbau.webp\" alt='Werkzeugmaschinenbau' title='Werkzeugmaschinenbau'  height=\"750\" width=\"1920\"  itemprop=\"thumbnailUrl\" srcset=\"https:\/\/retrofit.de\/wp-content\/uploads\/2023\/05\/Werkzeugmaschinenbau.webp 1920w, https:\/\/retrofit.de\/wp-content\/uploads\/2023\/05\/Werkzeugmaschinenbau-300x117.webp 300w, https:\/\/retrofit.de\/wp-content\/uploads\/2023\/05\/Werkzeugmaschinenbau-1030x402.webp 1030w, https:\/\/retrofit.de\/wp-content\/uploads\/2023\/05\/Werkzeugmaschinenbau-768x300.webp 768w, https:\/\/retrofit.de\/wp-content\/uploads\/2023\/05\/Werkzeugmaschinenbau-1536x600.webp 1536w, https:\/\/retrofit.de\/wp-content\/uploads\/2023\/05\/Werkzeugmaschinenbau-1500x586.webp 1500w, https:\/\/retrofit.de\/wp-content\/uploads\/2023\/05\/Werkzeugmaschinenbau-705x275.webp 705w\" sizes=\"(max-width: 1920px) 100vw, 1920px\" \/><\/div><\/div><\/div>\n\n<style type=\"text\/css\" data-created_by=\"avia_inline_auto\" id=\"style-css-av-qqad-971e78c8a7fce8e4f63a4c974f99e472\">\n#top .hr.hr-invisible.av-qqad-971e78c8a7fce8e4f63a4c974f99e472{\nheight:100px;\n}\n<\/style>\n<div  class='hr av-qqad-971e78c8a7fce8e4f63a4c974f99e472 hr-invisible  avia-builder-el-6  el_after_av_image  el_before_av_one_third '><span class='hr-inner '><span class=\"hr-inner-style\"><\/span><\/span><\/div>\n<div  class='flex_column av-1yz9l-ea370e2de91b7496d78a996de6ac9d14 av_one_third  avia-builder-el-7  el_after_av_hr  el_before_av_two_third  first flex_column_div  '     ><div  class='avia-slideshow av-li1es6qn-67908bb04f4cecbf96792c94ec34eb58 avia-slideshow-extra_large av_slideshow avia-slide-slider  avia-builder-el-8  avia-builder-el-no-sibling  av-slideshow-ui av-control-minimal av-control-minimal-dark av-nav-arrows-visible av-no-slider-navigation av-slideshow-autoplay av-loop-endless av-loop-manual-endless av-default-height-applied avia-slideshow-1' data-slideshow-options=\"{&quot;animation&quot;:&quot;slide&quot;,&quot;autoplay&quot;:true,&quot;loop_autoplay&quot;:&quot;endless&quot;,&quot;interval&quot;:5,&quot;loop_manual&quot;:&quot;manual-endless&quot;,&quot;autoplay_stopper&quot;:false,&quot;noNavigation&quot;:false,&quot;bg_slider&quot;:false,&quot;transitionSpeed&quot;:400,&quot;keep_padding&quot;:false,&quot;hoverpause&quot;:false,&quot;show_slide_delay&quot;:0}\"  itemprop=\"image\" itemscope=\"itemscope\" itemtype=\"https:\/\/schema.org\/ImageObject\" ><ul class='avia-slideshow-inner ' style='padding-bottom: 149.75%;'><li  class='avia-slideshow-slide av-li1es6qn-67908bb04f4cecbf96792c94ec34eb58__0  av-single-slide slide-1 slide-odd'><div data-rel='slideshow-1' class='avia-slide-wrap '   ><img decoding=\"async\" fetchpriority=\"high\" class=\"wp-image-1463 avia-img-lazy-loading-not-1463\"  src=\"https:\/\/retrofit.de\/wp-content\/uploads\/2023\/05\/2022_10_10_HDC_Huttelmaier__W6A8971_web_full.webp\" width=\"400\" height=\"599\" title='2022_10_10_HDC_Huttelmaier__W6A8971_web_full' alt=''  itemprop=\"thumbnailUrl\" srcset=\"https:\/\/retrofit.de\/wp-content\/uploads\/2023\/05\/2022_10_10_HDC_Huttelmaier__W6A8971_web_full.webp 400w, https:\/\/retrofit.de\/wp-content\/uploads\/2023\/05\/2022_10_10_HDC_Huttelmaier__W6A8971_web_full-200x300.webp 200w\" sizes=\"(max-width: 400px) 100vw, 400px\" \/><\/div><\/li><\/ul><\/div><\/div><div  class='flex_column av-rffx-139f2d1fb6ffa09037a857997949b5c3 av_two_third  avia-builder-el-9  el_after_av_one_third  avia-builder-el-last  flex_column_div  '     ><p><section  class='av_textblock_section av-lg3ng7ja-7f0a813c193c1ec3f9853945be63dc85 '   itemscope=\"itemscope\" itemtype=\"https:\/\/schema.org\/CreativeWork\" ><div class='avia_textblock av_inherit_color'  itemprop=\"text\" ><p>Wir bieten Ihnen den Neubau von Werkzeugmaschinen nach Ihren individuellen Anforderungen.<\/p>\n<p>HDC Huttelmaier besitzt als Werkzeugmaschinenhersteller insbesondere im Bereich Pr\u00e4zision und Sonderl\u00f6sungen eine tiefgreifende Erfahrung.<\/p>\n<p>Seit 1947 denken wir uns in die Herausforderungen unserer Kunden hinein und bieten innovative Ans\u00e4tze, um geringere Durchlaufzeiten oder eine Energieersparnis zu erreichen.<\/p>\n<\/div><\/section><br \/>\n<section  class='av_textblock_section av-lgql2b9j-97e9e7da039e916a3ce53fdd13a52ca1 '   itemscope=\"itemscope\" itemtype=\"https:\/\/schema.org\/CreativeWork\" ><div class='avia_textblock av_inherit_color'  itemprop=\"text\" ><p><strong>Mehr Informationen<\/strong><\/p>\n<ul>\n<li style=\"list-style-type: none;\">\n<ul>\n<li><a href=\"https:\/\/retrofit.de\/index.php\/de\/werkzeugmaschinenbau\/werkzeugmaschinen-kaufen\/\">Werkzeugmaschinen kaufen<\/a><\/li>\n<li><a href=\"https:\/\/retrofit.de\/index.php\/de\/werkzeugmaschinenbau\/werkzeugmaschinen-mieten\/\">Werkzeugmaschinen mieten<\/a><\/li>\n<li><a href=\"https:\/\/retrofit.de\/index.php\/de\/werkzeugmaschinenbau\/sondermaschinenbau-stuttgart\/\">Sondermaschinenbau<\/a><\/li>\n<li><a href=\"https:\/\/retrofit.de\/index.php\/de\/werkzeugmaschinenbau\/kugelschleifmaschine-hersteller\/\">Kugelschleifmaschine<\/a><\/li>\n<li><a href=\"https:\/\/retrofit.de\/index.php\/de\/werkzeugmaschinenbau\/industrie-schleifmaschinen-metall-kaufen-mieten\/\">Industrie Schleifmaschinen<\/a><\/li>\n<li><a href=\"https:\/\/retrofit.de\/index.php\/de\/werkzeugmaschinenbau\/2-in-1-industrielaser-kaufen-mieten\/\">2-in-1 Industrielaser<\/a><\/li>\n<li><a href=\"https:\/\/retrofit.de\/index.php\/de\/werkzeugmaschinenbau\/faserlaser-schneidanlage-kaufen-mieten\/\">Faserlaser Schneidanlage<\/a><\/li>\n<li><a href=\"https:\/\/retrofit.de\/index.php\/de\/werkzeugmaschinenbau\/rohrlaser-schneidanlage-kaufen-mieten\/\">Rohrlaser Schneidanlage<\/a><\/li>\n<li><a href=\"https:\/\/retrofit.de\/index.php\/de\/grinding-hub-de\/\">GrindingHub 2024<\/a><\/li>\n<\/ul>\n<\/li>\n<\/ul>\n<\/div><\/section><\/p><\/div><\/div><\/div><\/main><!-- close content main element --><\/div><\/div><div id='av_section_2'  class='avia-section av-4qzkp-ba465cfd661ff81666ff68794e8fe37f main_color avia-section-default avia-no-border-styling  avia-builder-el-12  el_after_av_section  avia-builder-el-last  avia-bg-style-scroll container_wrap fullsize'  ><div class='container av-section-cont-open' ><div class='template-page content  av-content-full alpha units'><div class='post-entry post-entry-type-page post-entry-25'><div class='entry-content-wrapper clearfix'>\n\n<style type=\"text\/css\" data-created_by=\"avia_inline_auto\" id=\"style-css-av-3ow79-9e2704d0f9be7322a73df8056fb370da\">\n#top .av-special-heading.av-3ow79-9e2704d0f9be7322a73df8056fb370da{\npadding-bottom:10px;\n}\nbody .av-special-heading.av-3ow79-9e2704d0f9be7322a73df8056fb370da .av-special-heading-tag .heading-char{\nfont-size:25px;\n}\n.av-special-heading.av-3ow79-9e2704d0f9be7322a73df8056fb370da .av-subheading{\nfont-size:15px;\n}\n<\/style>\n<div  class='av-special-heading av-3ow79-9e2704d0f9be7322a73df8056fb370da av-special-heading-h2 blockquote modern-quote  avia-builder-el-13  el_before_av_textblock  avia-builder-el-first '><h2 class='av-special-heading-tag '  itemprop=\"headline\"  >Wie k\u00f6nnen wir Ihnen helfen?<\/h2><div class=\"special-heading-border\"><div class=\"special-heading-inner-border\"><\/div><\/div><\/div>\n\n<style type=\"text\/css\" data-created_by=\"avia_inline_auto\" id=\"style-css-av-3cel5-6291fc6607bf788464ebe271e5ea7c68\">\n#top .av_textblock_section.av-3cel5-6291fc6607bf788464ebe271e5ea7c68 .avia_textblock{\nfont-size:30px;\n}\n<\/style>\n<section  class='av_textblock_section av-3cel5-6291fc6607bf788464ebe271e5ea7c68 '   itemscope=\"itemscope\" itemtype=\"https:\/\/schema.org\/CreativeWork\" ><div class='avia_textblock'  itemprop=\"text\" ><p>HDC Huttelmaier Retrofit \u2013 Maschinen \u00dcberholung f\u00fcr High End Pr\u00e4zision<\/p>\n<\/div><\/section>\n<div  class='flex_column av-2s66x-224207947e01c195b9baa5453834f8f8 av_one_fourth  avia-builder-el-15  el_after_av_textblock  el_before_av_one_half  first flex_column_div  column-top-margin'     ><style type=\"text\/css\" data-created_by=\"avia_inline_auto\" id=\"style-css-av-20klh-96e441b32cb1ace56b1bac0b51db5135\">\n.avia-image-container.av-20klh-96e441b32cb1ace56b1bac0b51db5135 img.avia_image{\nbox-shadow:none;\n}\n.avia-image-container.av-20klh-96e441b32cb1ace56b1bac0b51db5135 .av-image-caption-overlay-center{\ncolor:#ffffff;\n}\n<\/style>\n<div  class='avia-image-container av-20klh-96e441b32cb1ace56b1bac0b51db5135 av-styling- avia-align-center  avia-builder-el-16  avia-builder-el-no-sibling '   itemprop=\"image\" itemscope=\"itemscope\" itemtype=\"https:\/\/schema.org\/ImageObject\" ><div class=\"avia-image-container-inner\"><div class=\"avia-image-overlay-wrap\"><img decoding=\"async\" fetchpriority=\"high\" class='wp-image-1454 avia-img-lazy-loading-not-1454 avia_image ' src=\"https:\/\/retrofit.de\/wp-content\/uploads\/2023\/05\/Joerg-Huttelmaier-_-Geschaeftsfuehrer-bei-HDC-01-1-300x300.webp\" alt='J\u00f6rg Huttelmaier-Gesch\u00e4ftsf\u00fchrer bei HDC' title='J\u00f6rg Huttelmaier-Gesch\u00e4ftsf\u00fchrer bei HDC'  height=\"300\" width=\"300\"  itemprop=\"thumbnailUrl\" srcset=\"https:\/\/retrofit.de\/wp-content\/uploads\/2023\/05\/Joerg-Huttelmaier-_-Geschaeftsfuehrer-bei-HDC-01-1-300x300.webp 300w, https:\/\/retrofit.de\/wp-content\/uploads\/2023\/05\/Joerg-Huttelmaier-_-Geschaeftsfuehrer-bei-HDC-01-1-1030x1030.webp 1030w, https:\/\/retrofit.de\/wp-content\/uploads\/2023\/05\/Joerg-Huttelmaier-_-Geschaeftsfuehrer-bei-HDC-01-1-80x80.webp 80w, https:\/\/retrofit.de\/wp-content\/uploads\/2023\/05\/Joerg-Huttelmaier-_-Geschaeftsfuehrer-bei-HDC-01-1-768x768.webp 768w, https:\/\/retrofit.de\/wp-content\/uploads\/2023\/05\/Joerg-Huttelmaier-_-Geschaeftsfuehrer-bei-HDC-01-1-1536x1536.webp 1536w, https:\/\/retrofit.de\/wp-content\/uploads\/2023\/05\/Joerg-Huttelmaier-_-Geschaeftsfuehrer-bei-HDC-01-1-36x36.webp 36w, https:\/\/retrofit.de\/wp-content\/uploads\/2023\/05\/Joerg-Huttelmaier-_-Geschaeftsfuehrer-bei-HDC-01-1-180x180.webp 180w, https:\/\/retrofit.de\/wp-content\/uploads\/2023\/05\/Joerg-Huttelmaier-_-Geschaeftsfuehrer-bei-HDC-01-1-1500x1500.webp 1500w, https:\/\/retrofit.de\/wp-content\/uploads\/2023\/05\/Joerg-Huttelmaier-_-Geschaeftsfuehrer-bei-HDC-01-1-705x705.webp 705w, https:\/\/retrofit.de\/wp-content\/uploads\/2023\/05\/Joerg-Huttelmaier-_-Geschaeftsfuehrer-bei-HDC-01-1.webp 1600w\" sizes=\"(max-width: 300px) 100vw, 300px\" \/><\/div><\/div><\/div><\/div><div  class='flex_column av-1bmal-34419d4af34a1efba129c7f1ab9c4745 av_one_half  avia-builder-el-17  el_after_av_one_fourth  avia-builder-el-last  linie-links flex_column_div  column-top-margin'     ><style type=\"text\/css\" data-created_by=\"avia_inline_auto\" id=\"style-css-av-14d9d-2b3d8a7205e0d97f55702ad438117c84\">\n#top .av_textblock_section.av-14d9d-2b3d8a7205e0d97f55702ad438117c84 .avia_textblock{\nfont-size:18px;\n}\n<\/style>\n<section  class='av_textblock_section av-14d9d-2b3d8a7205e0d97f55702ad438117c84 '   itemscope=\"itemscope\" itemtype=\"https:\/\/schema.org\/CreativeWork\" ><div class='avia_textblock kontakt'  itemprop=\"text\" ><p><strong>J\u00f6rg Huttelmaier<\/strong><\/p>\n<p>Inhaber<br \/>\nHuttelmaier GmbH<br \/>\nWinterbacher Stra\u00dfe 66<br \/>\nD &#8211; 73614 Schorndorf im Rems-Murr-Kreis<\/p>\n<p><strong>Kontaktieren Sie mich<\/strong><\/p>\n<p><img loading=\"lazy\" decoding=\"async\" style=\"margin-right: 10px;\" src=\"https:\/\/retrofit.de\/wp-content\/uploads\/2023\/04\/HDC-Website_Kontakt-Icons_Phone.svg\" width=\"32\" height=\"32\" \/><a href=\"tel:+4907181978680\">+49 (0) 7181-97868-0<\/a><br \/>\n<img loading=\"lazy\" decoding=\"async\" style=\"margin-right: 10px; margin-bottom: -10px; padding-top: 10px;\" src=\"https:\/\/retrofit.de\/wp-content\/uploads\/2023\/04\/HDC-Website_Kontakt-Icons_Mail.svg\" width=\"32\" height=\"32\" \/><a href=\"mailto:joerg@huttelmaier.de\">joerg@huttelmaier.de<\/a><\/p>\n<\/div><\/section><\/div>\n<\/p>\n","protected":false},"excerpt":{"rendered":"","protected":false},"author":1,"featured_media":0,"parent":0,"menu_order":4,"comment_status":"closed","ping_status":"closed","template":"","meta":{"footnotes":""},"class_list":["post-25","page","type-page","status-publish","hentry"],"yoast_head":"<!-- This site is optimized with the Yoast SEO plugin v27.3 - https:\/\/yoast.com\/product\/yoast-seo-wordpress\/ -->\n<title>Werkzeugmaschinenbau \u2013 Werkzeugmaschinenhersteller HDC<\/title>\n<meta name=\"description\" content=\"Werkzeugmaschinenbau nach Ihren Anforderungen \u2713 Wendt \u2606 Kugelschleifmaschinen \u2606 Sondermaschinen \u27a8 Werkzeugmaschinenhersteller HDC!\" \/>\n<meta name=\"robots\" content=\"index, follow, max-snippet:-1, max-image-preview:large, max-video-preview:-1\" \/>\n<link rel=\"canonical\" href=\"https:\/\/retrofit.de\/index.php\/de\/werkzeugmaschinenbau\/\" \/>\n<meta property=\"og:locale\" content=\"de_DE\" \/>\n<meta property=\"og:type\" content=\"article\" \/>\n<meta property=\"og:title\" content=\"Werkzeugmaschinenbau \u2013 Werkzeugmaschinenhersteller HDC\" \/>\n<meta property=\"og:description\" content=\"Werkzeugmaschinenbau nach Ihren Anforderungen \u2713 Wendt \u2606 Kugelschleifmaschinen \u2606 Sondermaschinen \u27a8 Werkzeugmaschinenhersteller HDC!\" \/>\n<meta property=\"og:url\" content=\"https:\/\/retrofit.de\/index.php\/de\/werkzeugmaschinenbau\/\" \/>\n<meta property=\"og:site_name\" content=\"HDC Huttelmaier Retrofit\" \/>\n<meta property=\"article:modified_time\" content=\"2025-12-10T08:04:04+00:00\" \/>\n<meta property=\"og:image\" content=\"https:\/\/retrofit.de\/wp-content\/uploads\/2023\/04\/HDC-Website_Kontakt-Icons_Phone.svg\" \/>\n<meta name=\"twitter:card\" content=\"summary_large_image\" \/>\n<meta name=\"twitter:label1\" content=\"Gesch\u00e4tzte Lesezeit\" \/>\n\t<meta name=\"twitter:data1\" content=\"2\u00a0Minuten\" \/>\n<script type=\"application\/ld+json\" class=\"yoast-schema-graph\">{\"@context\":\"https:\\\/\\\/schema.org\",\"@graph\":[{\"@type\":\"WebPage\",\"@id\":\"https:\\\/\\\/retrofit.de\\\/index.php\\\/de\\\/werkzeugmaschinenbau\\\/\",\"url\":\"https:\\\/\\\/retrofit.de\\\/index.php\\\/de\\\/werkzeugmaschinenbau\\\/\",\"name\":\"Werkzeugmaschinenbau \u2013 Werkzeugmaschinenhersteller HDC\",\"isPartOf\":{\"@id\":\"https:\\\/\\\/retrofit.de\\\/#website\"},\"primaryImageOfPage\":{\"@id\":\"https:\\\/\\\/retrofit.de\\\/index.php\\\/de\\\/werkzeugmaschinenbau\\\/#primaryimage\"},\"image\":{\"@id\":\"https:\\\/\\\/retrofit.de\\\/index.php\\\/de\\\/werkzeugmaschinenbau\\\/#primaryimage\"},\"thumbnailUrl\":\"https:\\\/\\\/retrofit.de\\\/wp-content\\\/uploads\\\/2023\\\/04\\\/HDC-Website_Kontakt-Icons_Phone.svg\",\"datePublished\":\"2023-04-03T12:33:49+00:00\",\"dateModified\":\"2025-12-10T08:04:04+00:00\",\"description\":\"Werkzeugmaschinenbau nach Ihren Anforderungen \u2713 Wendt \u2606 Kugelschleifmaschinen \u2606 Sondermaschinen \u27a8 Werkzeugmaschinenhersteller HDC!\",\"breadcrumb\":{\"@id\":\"https:\\\/\\\/retrofit.de\\\/index.php\\\/de\\\/werkzeugmaschinenbau\\\/#breadcrumb\"},\"inLanguage\":\"de\",\"potentialAction\":[{\"@type\":\"ReadAction\",\"target\":[\"https:\\\/\\\/retrofit.de\\\/index.php\\\/de\\\/werkzeugmaschinenbau\\\/\"]}]},{\"@type\":\"ImageObject\",\"inLanguage\":\"de\",\"@id\":\"https:\\\/\\\/retrofit.de\\\/index.php\\\/de\\\/werkzeugmaschinenbau\\\/#primaryimage\",\"url\":\"https:\\\/\\\/retrofit.de\\\/wp-content\\\/uploads\\\/2023\\\/04\\\/HDC-Website_Kontakt-Icons_Phone.svg\",\"contentUrl\":\"https:\\\/\\\/retrofit.de\\\/wp-content\\\/uploads\\\/2023\\\/04\\\/HDC-Website_Kontakt-Icons_Phone.svg\"},{\"@type\":\"BreadcrumbList\",\"@id\":\"https:\\\/\\\/retrofit.de\\\/index.php\\\/de\\\/werkzeugmaschinenbau\\\/#breadcrumb\",\"itemListElement\":[{\"@type\":\"ListItem\",\"position\":1,\"name\":\"Startseite\",\"item\":\"https:\\\/\\\/retrofit.de\\\/index.php\\\/de\\\/startseite\\\/\"},{\"@type\":\"ListItem\",\"position\":2,\"name\":\"Maschinenbau\"}]},{\"@type\":\"WebSite\",\"@id\":\"https:\\\/\\\/retrofit.de\\\/#website\",\"url\":\"https:\\\/\\\/retrofit.de\\\/\",\"name\":\"HDC Huttelmaier Retrofit\",\"description\":\"Maschinen \u00dcberholung f\u00fcr High End Pr\u00e4zision\",\"publisher\":{\"@id\":\"https:\\\/\\\/retrofit.de\\\/#organization\"},\"potentialAction\":[{\"@type\":\"SearchAction\",\"target\":{\"@type\":\"EntryPoint\",\"urlTemplate\":\"https:\\\/\\\/retrofit.de\\\/?s={search_term_string}\"},\"query-input\":{\"@type\":\"PropertyValueSpecification\",\"valueRequired\":true,\"valueName\":\"search_term_string\"}}],\"inLanguage\":\"de\"},{\"@type\":\"Organization\",\"@id\":\"https:\\\/\\\/retrofit.de\\\/#organization\",\"name\":\"HDC Huttelmaier GmbH\",\"alternateName\":\"HDC\",\"url\":\"https:\\\/\\\/retrofit.de\\\/\",\"logo\":{\"@type\":\"ImageObject\",\"inLanguage\":\"de\",\"@id\":\"https:\\\/\\\/retrofit.de\\\/#\\\/schema\\\/logo\\\/image\\\/\",\"url\":\"https:\\\/\\\/retrofit.de\\\/wp-content\\\/uploads\\\/2023\\\/04\\\/Logo.jpg\",\"contentUrl\":\"https:\\\/\\\/retrofit.de\\\/wp-content\\\/uploads\\\/2023\\\/04\\\/Logo.jpg\",\"width\":2083,\"height\":2083,\"caption\":\"HDC Huttelmaier GmbH\"},\"image\":{\"@id\":\"https:\\\/\\\/retrofit.de\\\/#\\\/schema\\\/logo\\\/image\\\/\"}}]}<\/script>\n<!-- \/ Yoast SEO plugin. -->","yoast_head_json":{"title":"Werkzeugmaschinenbau \u2013 Werkzeugmaschinenhersteller HDC","description":"Werkzeugmaschinenbau nach Ihren Anforderungen \u2713 Wendt \u2606 Kugelschleifmaschinen \u2606 Sondermaschinen \u27a8 Werkzeugmaschinenhersteller HDC!","robots":{"index":"index","follow":"follow","max-snippet":"max-snippet:-1","max-image-preview":"max-image-preview:large","max-video-preview":"max-video-preview:-1"},"canonical":"https:\/\/retrofit.de\/index.php\/de\/werkzeugmaschinenbau\/","og_locale":"de_DE","og_type":"article","og_title":"Werkzeugmaschinenbau \u2013 Werkzeugmaschinenhersteller HDC","og_description":"Werkzeugmaschinenbau nach Ihren Anforderungen \u2713 Wendt \u2606 Kugelschleifmaschinen \u2606 Sondermaschinen \u27a8 Werkzeugmaschinenhersteller HDC!","og_url":"https:\/\/retrofit.de\/index.php\/de\/werkzeugmaschinenbau\/","og_site_name":"HDC Huttelmaier Retrofit","article_modified_time":"2025-12-10T08:04:04+00:00","og_image":[{"url":"https:\/\/retrofit.de\/wp-content\/uploads\/2023\/04\/HDC-Website_Kontakt-Icons_Phone.svg","type":"","width":"","height":""}],"twitter_card":"summary_large_image","twitter_misc":{"Gesch\u00e4tzte Lesezeit":"2\u00a0Minuten"},"schema":{"@context":"https:\/\/schema.org","@graph":[{"@type":"WebPage","@id":"https:\/\/retrofit.de\/index.php\/de\/werkzeugmaschinenbau\/","url":"https:\/\/retrofit.de\/index.php\/de\/werkzeugmaschinenbau\/","name":"Werkzeugmaschinenbau \u2013 Werkzeugmaschinenhersteller HDC","isPartOf":{"@id":"https:\/\/retrofit.de\/#website"},"primaryImageOfPage":{"@id":"https:\/\/retrofit.de\/index.php\/de\/werkzeugmaschinenbau\/#primaryimage"},"image":{"@id":"https:\/\/retrofit.de\/index.php\/de\/werkzeugmaschinenbau\/#primaryimage"},"thumbnailUrl":"https:\/\/retrofit.de\/wp-content\/uploads\/2023\/04\/HDC-Website_Kontakt-Icons_Phone.svg","datePublished":"2023-04-03T12:33:49+00:00","dateModified":"2025-12-10T08:04:04+00:00","description":"Werkzeugmaschinenbau nach Ihren Anforderungen \u2713 Wendt \u2606 Kugelschleifmaschinen \u2606 Sondermaschinen \u27a8 Werkzeugmaschinenhersteller HDC!","breadcrumb":{"@id":"https:\/\/retrofit.de\/index.php\/de\/werkzeugmaschinenbau\/#breadcrumb"},"inLanguage":"de","potentialAction":[{"@type":"ReadAction","target":["https:\/\/retrofit.de\/index.php\/de\/werkzeugmaschinenbau\/"]}]},{"@type":"ImageObject","inLanguage":"de","@id":"https:\/\/retrofit.de\/index.php\/de\/werkzeugmaschinenbau\/#primaryimage","url":"https:\/\/retrofit.de\/wp-content\/uploads\/2023\/04\/HDC-Website_Kontakt-Icons_Phone.svg","contentUrl":"https:\/\/retrofit.de\/wp-content\/uploads\/2023\/04\/HDC-Website_Kontakt-Icons_Phone.svg"},{"@type":"BreadcrumbList","@id":"https:\/\/retrofit.de\/index.php\/de\/werkzeugmaschinenbau\/#breadcrumb","itemListElement":[{"@type":"ListItem","position":1,"name":"Startseite","item":"https:\/\/retrofit.de\/index.php\/de\/startseite\/"},{"@type":"ListItem","position":2,"name":"Maschinenbau"}]},{"@type":"WebSite","@id":"https:\/\/retrofit.de\/#website","url":"https:\/\/retrofit.de\/","name":"HDC Huttelmaier Retrofit","description":"Maschinen \u00dcberholung f\u00fcr High End Pr\u00e4zision","publisher":{"@id":"https:\/\/retrofit.de\/#organization"},"potentialAction":[{"@type":"SearchAction","target":{"@type":"EntryPoint","urlTemplate":"https:\/\/retrofit.de\/?s={search_term_string}"},"query-input":{"@type":"PropertyValueSpecification","valueRequired":true,"valueName":"search_term_string"}}],"inLanguage":"de"},{"@type":"Organization","@id":"https:\/\/retrofit.de\/#organization","name":"HDC Huttelmaier GmbH","alternateName":"HDC","url":"https:\/\/retrofit.de\/","logo":{"@type":"ImageObject","inLanguage":"de","@id":"https:\/\/retrofit.de\/#\/schema\/logo\/image\/","url":"https:\/\/retrofit.de\/wp-content\/uploads\/2023\/04\/Logo.jpg","contentUrl":"https:\/\/retrofit.de\/wp-content\/uploads\/2023\/04\/Logo.jpg","width":2083,"height":2083,"caption":"HDC Huttelmaier GmbH"},"image":{"@id":"https:\/\/retrofit.de\/#\/schema\/logo\/image\/"}}]}},"_links":{"self":[{"href":"https:\/\/retrofit.de\/index.php\/wp-json\/wp\/v2\/pages\/25","targetHints":{"allow":["GET"]}}],"collection":[{"href":"https:\/\/retrofit.de\/index.php\/wp-json\/wp\/v2\/pages"}],"about":[{"href":"https:\/\/retrofit.de\/index.php\/wp-json\/wp\/v2\/types\/page"}],"author":[{"embeddable":true,"href":"https:\/\/retrofit.de\/index.php\/wp-json\/wp\/v2\/users\/1"}],"replies":[{"embeddable":true,"href":"https:\/\/retrofit.de\/index.php\/wp-json\/wp\/v2\/comments?post=25"}],"version-history":[{"count":21,"href":"https:\/\/retrofit.de\/index.php\/wp-json\/wp\/v2\/pages\/25\/revisions"}],"predecessor-version":[{"id":5087,"href":"https:\/\/retrofit.de\/index.php\/wp-json\/wp\/v2\/pages\/25\/revisions\/5087"}],"wp:attachment":[{"href":"https:\/\/retrofit.de\/index.php\/wp-json\/wp\/v2\/media?parent=25"}],"curies":[{"name":"wp","href":"https:\/\/api.w.org\/{rel}","templated":true}]}}